0 = 273*u + 95*u - 12144. What is the greatest common factor of u and f?
11
Let b be 79/9 - 14/(-63). Let r be (-1 - b) + 5/(-10)*-6. Let l be 21/6*1/r*-12. Calculate the highest common divisor of 42 and l.
6
Let o(b) = -8*b**3 - 28*b**2 - 8*b - 11. Let h be o(-5). What is the highest common factor of 376 and h?
47
Suppose 0 = -55*w + 59*w + k - 17437, 3*w + 2*k = 13074. Calculate the greatest common divisor of 5 and w.
5
Suppose 2*f - 37 = -4*o + 13, -20 = -3*o + 2*f. What is the greatest common factor of o and 1670?
10
Suppose 0 = 2*h - h - 44. Suppose -5*a + h = -61. Suppose -2*x + 2*l = -322, -14*x + 15*x - 17*l - 49 = 0. Calculate the greatest common divisor of x and a.
21
Suppose -488*o = -191*o - 2863 - 404. Calculate the highest common divisor of 407 and o.
11
Let r be -1*4 + 10*16/32. Calculate the greatest common divisor of 63 and r.
1
Let c(a) = -a**2 + 13*a - 31. Let z be c(6). Suppose -3*v = -326 + z. Calculate the highest common divisor of v and 45.
15
Suppose 5*a - 471*w - 448 = -468*w, 199 = 2*a + w. Suppose 0 = 2*t - 4, -399 = -5*g - 3*t + 367. Calculate the greatest common divisor of g and a.
19
Suppose -2*i = 2*g + 57 + 1, -5*i - 73 = 2*g. Let v be 6/g - (-3652)/16. Calculate the greatest common divisor of v and 24.
12
Let s be (2*1)/(-3 + 60/18). Let t be 285/105 + 4/14. Let y be 5/(-15)*t*-15. What is the highest common divisor of s and y?
3
Suppose -24*x + 4536 = -6*x. Let t = 428 - x. What is the greatest common factor of t and 16?
16
Suppose 3*d + d = -4*f + 232, 136 = 2*d - 2*f. Suppose -2*r + 125 = 141*m - 136*m, 34 = 2*m + 4*r. What is the highest common divisor of d and m?
9
Let i = -2192 + 2456. What is the greatest common factor of 5346 and i?
66
Suppose -181*c + 12216 = -9685. Calculate the highest common factor of c and 7744.
121
Suppose -5*t - 28 = 2*t. Let q be ((-12)/16)/(t/688). Suppose -5*d = -q - 21. Calculate the greatest common divisor of 270 and d.
30
Suppose -8*v = -4*v - 52. Suppose 16*w + 9 = v*w. Let g be 18/10*(w - -13). Calculate the greatest common divisor of g and 2.
2
Let j(l) = -7 - 7 + 2*l**2 - l - 7*l - 4*l. Let x be j(13). What is the highest common divisor of 72 and x?
24
Let m = -75 - -155. Suppose 0*r = -0*r + 3*r. Suppose r = -6*q + 4*q + 16. What is the greatest common factor of m and q?
8
Let d = -3607 - -3750. Let h = 46 + -20. Calculate the greatest common factor of h and d.
13
Let i = 36264 - 36239. Suppose -21 = 2*b + 5*q, 3*b - 4*q - 28 = -b. Let s be (-3 - (-1)/b)*-110. What is the highest common divisor of i and s?
25
Let p(r) = r**3 + 16*r**2 - 110*r - 1546. Let c be p(-17). Calculate the highest common factor of c and 12180.
35
Suppose -764*u + 241535 = -729*u. Calculate the greatest common factor of u and 103.
103
Let j(d) = d**3 + 12*d**2 + 11*d + 19. Let m be 44/(-8)*(-3 - 25/(-5)). Let v be j(m). Let r = -15 + 16. What is the greatest common factor of r and v?
1
Let y(b) = 18*b**2 + 5*b + 9. Let x(g) = -53*g**2 - 16*g - 27. Let o(z) = -3*x(z) - 8*y(z). Let f be o(-3). What is the greatest common divisor of 30 and f?
30
Let z = 1083 + -836. Suppose -d - 2*d + 78 = -5*v, 104 = 4*d - 4*v. What is the greatest common divisor of z and d?
13
Suppose 4*u + 182 = -34. Let k = 55 + u. What is the greatest common factor of 1 and k?
1
Let b = -34434 - -34438. Calculate the highest common factor of 6336 and b.
4
Suppose 4*a - 7*a = 0. Suppose 3*q - 2*h + 78 = a, -3*h = 4*q + 49 + 38. Let y be 39*(-4)/q*4. Calculate the greatest common factor of 65 and y.
13
Let c be 966/5 - (-16 + (-1215)/(-75)). Calculate the greatest common factor of c and 19493.
193
Let k be 234/4*((-263)/(-15) - 8/40). What is the highest common factor of 312 and k?
78
Let h = -1418 - -944. Let x = h - -501. Calculate the highest common divisor of x and 135.
27
Let q(u) = -2*u**2 - 579*u + 5401. Let k be q(9). Let b = 27 + 15. Calculate the greatest common divisor of b and k.
14
Suppose -4*q + 12 = 0, 547*q + 3587 = 5*i + 551*q. Calculate the highest common divisor of i and 2665.
65
Let i(a) = -7*a**2 + 448*a - 860. Let w be i(62). Calculate the greatest common factor of 80 and w.
8
Suppose j - 9 = -2*p + 5*p, -2*j - 5*p + 29 = 0. Let x be (6 - 5) + -1*3 + 2. Suppose x = 11*k - 16*k + 20. Calculate the greatest common factor of k and j.
4
Suppose 3*d - 363 = -5*q, 0*q = 5*d - 3*q - 571. Let t = d - 92. Suppose 3*n = -2*w - 2*n + 24, 2*w = 2*n + t. Calculate the highest common divisor of 2 and w.
2
Let k(a) = -12*a - 20. Let v(i) = 11 - 5 - 5. Let d(o) = k(o) + 4*v(o). Let l be d(-3). What is the greatest common factor of 15 and l?
5
Let l = 56 - 47. Suppose -l*i + 199 = -233. Let o be (15 + -5)*(-1 + (-11)/(-5)). What is the greatest common factor of i and o?
12
Let h = -82 - -109. Suppose -2*i - h*i = -232. Let q(f) = -21*f - 2. Let v be q(-2). Calculate the highest common factor of i and v.
8
Suppose -3*c + 2*v = -2703, 31*c - 33*c + 1802 = 4*v. What is the greatest common divisor of c and 689?
53
Let u = 21 - 18. Suppose -o - 12 = o - 4*d, -3*d = -u*o - 30. Let s be 3 + 32/o + (-6)/(-21). Calculate the greatest common factor of s and 1.
1
Let j be (-32 + -7 + -2)*-3. Suppose c = j - 43. What is the highest common divisor of 520 and c?
40
Let k be (-5 - -4) + (-1 - -20). Let p(h) = -h**3 - h**2 + 4*h + 372. Let x be p(0). Let f = -366 + x. Calculate the highest common divisor of k and f.
6
Let r be 530/(-40) + 13 + 2290/8. Calculate the highest common divisor of 78 and r.
26
Let f(a) = -870*a - 6555. Let v be f(-8). Calculate the highest common factor of 1305 and v.
45
Let f = 193 + 2940. Calculate the greatest common factor of 13 and f.
13
Let n(y) = 187*y + 983. Let p be n(-5). Calculate the highest common divisor of p and 9.
3
Let i be 9*(3 - -7)*(3 - 4)*-4. Calculate the greatest common divisor of i and 430.
10
Let t(d) = 41*d**2 - d. Let l be (-1)/(-1 - 0/(-2)). Let h be t(l). Let r be 22 - 15*(-20)/(-50). What is the greatest common divisor of r and h?
8
Let h(d) = -49*d - 8. Suppose 2*m - 4 + 8 = 0. Let f be h(m). What is the highest common factor of 135 and f?
45
Let r = -59 + 58. Let j be (258/(-12) + r)*8/(-10). What is the highest common divisor of j and 414?
18
Suppose -o = -44*z + 42*z + 607, -5*z - 3*o = -1490. Calculate the greatest common divisor of z and 175.
7
Let b be (-4)/8 + 2 + (-46575)/(-270). Calculate the highest common divisor of b and 150.
6
Suppose 2*o + 2*o + 588 = 0. Let w = -101 - o. Let t be 42/196 + 139655/434. What is the greatest common divisor of w and t?
46
Suppose 32*m = 444 + 4. Suppose -m = 2*h - 254. What is the greatest common factor of 96 and h?
24
Let h be ((-3)/4)/(855/120) - 580/(-95). Suppose 4*n - 4*p - 18 - 34 = 0, n = -2*p + 25. Let u = 47 - n. What is the highest common factor of u and h?
6
Let q(h) = -16*h + 268. Let d be q(7). Let m be d/9*(-18)/(-4). Calculate the highest common divisor of m and 52.
26
Let h = -237 - -241. Suppose -9*b = 4*q - h*b - 319, -3*q + 273 = -3*b. Calculate the highest common factor of 301 and q.
43
Let t(z) = 407*z**2. Let r be t(-1). Let y = -99548 - -99570. Calculate the highest common factor of y and r.
11
Let w be -3 + ((-3)/(-18) - 141/(-18)). Suppose 1552 = w*p + 82. Let m be ((-120)/(-14))/(63/p). What is the highest common factor of m and 16?
8
Suppose -36*h + 86*h = 2100. Calculate the greatest common factor of h and 70.
14
Let z(m) = -m**2 - 47*m + 2913. Let u be z(-81). Calculate the greatest common divisor of 7367 and u.
53
Suppose -90 = 4*i - 574. Let x be (i - 110)*9*1. What is the greatest common factor of 36 and x?
9
Let i be (2 - 1) + -11 + -1. Let a = i - -20. Let h be (-73)/(-219)*(-4 + 112). What is the highest common divisor of h and a?
9
Let i be ((-35)/30)/((-2)/60*(-765)/(-918)). Let m = 139 - 55. What is the greatest common divisor of i and m?
42
Suppose -21141 = -664*p - 65*p. Let z(u) = 30*u - 3. Let n be (-1 + -2 + 0)*-1. Let q be z(n). What is the greatest common divisor of p and q?
29
Let p(q) = -4*q - 29. Let j = 20 + -16. Let h(t) = -2*t**2 + 3*t + 12. Let y be h(j). Let c be p(y). What is the greatest common divisor of 27 and c?
3
Let v(h) = -22*h - 214. Let m be v(-10). What is the highest common factor of m and 18726?
6
Let s(h) = -18*h**2 - 20*h**2 + 3*h - 29*h**3 + 65*h**2 - 23*h**2. Let m 